{"id":4,"date":"2017-09-08T21:50:26","date_gmt":"2017-09-08T19:50:26","guid":{"rendered":"http:\/\/test.kopernikus-eltern.de\/wordpress\/one-page-express\/"},"modified":"2025-11-18T21:56:23","modified_gmt":"2025-11-18T20:56:23","slug":"one-page-express","status":"publish","type":"page","link":"https:\/\/www.foerderverein-kgn.de\/home\/","title":{"rendered":"Home"},"content":{"rendered":"<div id=\"willkommen\" class=\"stripped-about-four-boxes-section\" style=\"background-color: #f6f6f6;\" data-label=\"Willkommen\" data-id=\"stripped-about-four-boxes-section\" data-category=\"overlapable\" data-overlap=\"true\">\n<div class=\"gridContainer\">\n<div class=\"about-four-boxes-innerrow flexbox-list\">\n<div class=\"about-four-boxes-imgcol\" style=\"background-image: url('https:\/\/www.foerderverein-kgn.de\/home\/wp-content\/uploads\/2017\/09\/typewriter-2703457_640.jpg');\" data-bg=\"image\"><\/div>\n<div class=\"about-four-boxes-textcol\" data-type=\"column\">\n<h2 class=\"\">Willkommen \u2026<\/h2>\n<p class=\"\">\u2026 auf der F\u00f6rderverein-Homepage des Kopernikus-Gymnasium Niederkassel.<\/p>\n<p class=\"\">Die Seite dient der Information aller Eltern unserer Sch\u00fclerinnen und\nSch\u00fcler an unserem Gymnasium, aber nat\u00fcrlich auch externen G\u00e4sten, die\nsich neben der offiziellen Homepage der Schule \u00fcber weitere Aspekte des\nSchullebens am KGN informieren m\u00f6chten.<\/p>\nUnser Ziel ist es, diese\nHomepage stets auf aktuellen Stand zu halten. Da die Betreuung dieser\nSeite ehrenamtlich stattfindet, kann es unter Umst\u00e4nden zu Verz\u00f6gerungen\nbei der Bereitstellung von Informationen kommen.\n\n<\/div>\n<div class=\"about-four-boxes-textcol\" data-type=\"column\">\n<h2 class=\"\">\u2013 Aktuelles \u2013<\/h2>\n<p class=\"\" style=\"text-align: center;\"><\/p>\n\n<\/div>\n<div class=\"about-four-boxes-imgcol2\" style=\"background-image: url('https:\/\/www.foerderverein-kgn.de\/home\/wp-content\/uploads\/2021\/05\/quiz-4168371_1280.jpg');\" data-bg=\"image\"><\/div>\n<\/div>\n<\/div>\n<\/div>\n<div id=\"mitglied-werden\" class=\"cta-blue-section\" data-label=\"Mitglied werden\" data-id=\"cta-blue-section\" data-category=\"cta\">\n<div class=\"gridContainer\">\n<div class=\"flexbox-list flexbox-list-align-center row\">\n<div class=\"cta-blue-textcol dynamic-color\">\n<h2 class=\"cta-blue-text\"><b class=\"element2\"> Mitglied im F\u00f6rderverein werden <\/b><\/h2>\nFormular ausf\u00fcllen \u2013 ausdrucken \u2013 unterschreiben \u2013 abschicken \u2013 Fertig!\n\n<\/div>\n<div class=\"cta-blue-btncol\"><a class=\"button big yellow dark-text\" href=\"https:\/\/www.foerderverein-kgn.de\/home\/Downloads\/Formulare\/Beitrittserklaerung_V2.2.pdf\" rel=\"noopener\">Zum Formular<\/a><\/div>\n<\/div>\n<\/div>\n<\/div>\n<div id=\"team\" class=\"team-small-section\" style=\"background-color: #ffffff;\" data-label=\"Team\" data-id=\"team-small-section\" data-category=\"team\">\n<div class=\"dynamic-color gridContainer\">\n<div class=\"team-small-textcol\" data-type=\"column\">\n<h2 class=\"\">DAS F\u00f6V TEAM<\/h2>\n<h5 class=\"\">Am 18.05.2022 wurde im Rahmen der Mitgliederversammlung Wahlen durchgef\u00fchrt.\nWir w\u00fcnschen allen Gew\u00e4hlten weiterhin viel Erfolg in ihrer Position.<\/h5>\n<p class=\"\">Der Zweck des F\u00f6rdervereins des Kopernikus-Gymnasiums Niederkassel ist die F\u00f6rderung der Unterrichts- und Erziehungsarbeit am Kopernikus-Gymnasium.<\/p>\n\n<\/div>\n<div class=\"team-small-memberrow\" data-type=\"row\">\n<div class=\"team-small-membercol cp4cols\">\n<h4 class=\"\">Hendrik Denker<\/h4>\n<p class=\"\">Vorsitzender<\/p>\n\n<div class=\"team-small-iconsrow\" data-type=\"group\"><\/div>\n<\/div>\n<div class=\"team-small-membercol cp4cols\">\n<h4 class=\"\">Claudia B\u00f6ttcher<\/h4>\n<p class=\"\">stellv. Vorsitzende<\/p>\n\n<div class=\"team-small-iconsrow\" data-type=\"group\"><\/div>\n<\/div>\n<div class=\"team-small-membercol cp4cols\">\n<h4 class=\"\">Sabine Dohrmann<\/h4>\n<p class=\"\">Schriftf\u00fchrerin<\/p>\n\n<div class=\"team-small-iconsrow\" data-type=\"group\"><\/div>\n<\/div>\n<div class=\"team-small-membercol cp4cols\">\n<h4 class=\"\">Nathalie Tillich<\/h4>\n<p class=\"\">1. Beisitzerin<\/p>\n\n<div class=\"team-small-iconsrow\" data-type=\"group\"><\/div>\n<\/div>\n<div class=\"team-small-membercol cp4cols\">\n<h4 class=\"\">Andreas Rogge<\/h4>\n<p class=\"\">2. Beisitzer<\/p>\n\n<div class=\"team-small-iconsrow\" data-type=\"group\"><\/div>\n<\/div>\n<div class=\"team-small-membercol cp4cols\">\n<h4 class=\"\">Kerstin Klaucke<\/h4>\n<p class=\"\">Kassiererin<\/p>\n\n<div class=\"team-small-iconsrow\" data-type=\"group\"><\/div>\n<\/div>\n<\/div>\n<\/div>\n<\/div>\n<div id=\"onlineshop\" class=\"about-four-boxes-section\" style=\"background-color: #ffffff;\" data-label=\"Onlineshop\" data-id=\"about-four-boxes-section\" data-category=\"about\">\n<div class=\"gridContainer\">\n<div class=\"about-four-boxes-innerrow flexbox-list\">\n<div class=\"about-four-boxes-imgcol\" style=\"background-image: url('https:\/\/www.foerderverein-kgn.de\/home\/wp-content\/uploads\/2020\/01\/Shop_Logo.png');\" data-bg=\"image\"><\/div>\n<div class=\"about-four-boxes-textcol\" data-type=\"column\">\n<h2 class=\"\">KGN Kollektion<\/h2>\n<p class=\"\">\u00c4u\u00dferes Zeichen der Gemeinschaft ist ein Logo, das aus Entw\u00fcrfen von Sch\u00fclern des KGN gestaltet wurde. Es zeigt das stilisierte Denkmal von Kopernikus, der seinen Sch\u00fclern die Sterne erkl\u00e4rt.\u00a0\u00c4u\u00dferes Zeichen der Gemeinschaft ist ein Logo, das aus Entw\u00fcrfen von Sch\u00fclern des KGN gestaltet wurde. Es zeigt das stilisierte Denkmal von Kopernikus, der seinen Sch\u00fclern die Sterne erkl\u00e4rt.<\/p>\n\n\n<\/div>\n<div class=\"about-four-boxes-textcol\" data-type=\"column\">\n<h6 class=\"\">Neuer shop<\/h6>\n<h2 class=\"\">Jetzt online<\/h2>\n<p class=\"\">Der F\u00f6rderverein hat die Kollektion in Zusammenarbeit mit der Schule in die n\u00e4chste Generation \u00fcberf\u00fchrt. Die Produkte k\u00f6nnen nun ganz bequem und zu jeder Tageszeit online bestellt werden.<\/p>\n\n<h5 class=\"\">Verantwortung bei der SV<\/h5>\n<p class=\"\">Damit entf\u00e4llt auch die Notwendigkeit einer Pr\u00e4senz des Kollektionsstandes in der gro\u00dfen Pause. Ansprechpartner ist ab sofort die Sch\u00fclervertretung.<\/p>\n\n<h4 class=\"\">Danke f\u00fcr die Jahre des Engagement<\/h4>\n<p class=\"\"><span style=\"font-family: 'Source Sans Pro', sans-serif; font-size: 18px;\">An der Stelle m\u00f6chten wir uns bei den Kollektionsvarantwortlichen ganz herzlich bedanken. Nicht nur, dass sie jahrelang sehr viel Energie und Herzblut in das Projekt gesteckt, sondern auch die Transformation hin zum Onlineshop professionell abgewickelt haben.\u00a0<\/span><\/p>\n\n<div class=\"spacer\" data-type=\"group\"><\/div>\n<a class=\"\" href=\"https:\/\/schulkleidung.de\/shop\/index.php?nr=271ZTNWP\" target=\"_blank\" rel=\"noopener\">Zum Onlineshop<\/a>\n\n<\/div>\n<div class=\"about-four-boxes-imgcol2\" style=\"background-image: url('https:\/\/www.foerderverein-kgn.de\/home\/wp-content\/uploads\/2020\/01\/shopseite_macbook_800x926.jpg');\" data-bg=\"image\"><\/div>\n<\/div>\n<\/div>\n<\/div>\n<div id=\"schulengel\" class=\"content-full-left-image-section\" style=\"background-color: #f6f6f6;\" data-label=\"schulengel\" data-id=\"content-full-left-image-section\" data-category=\"content\">\n<div class=\"content-full-left-image-innerrow gridContainer\">\n<div class=\"content-full-left-image-imgcol\" style=\"background-image: url('https:\/\/www.foerderverein-kgn.de\/home\/wp-content\/uploads\/2018\/02\/money-1033647_640.jpg');\" data-bg=\"image\"><\/div>\n<div class=\"content-full-left-image-textcol dynamic-color\">\n<div class=\"\" data-type=\"column\">\n<h5 class=\"\">Wir sind dabei \u2026<\/h5>\n<h2 class=\"\">Der F\u00f6rderverein ist bei schulengel.de<\/h2>\n<p class=\"\">Schulengel ist eine Online-Plattform, die es gemeinn\u00fctzigen Einrichtungen erm\u00f6glicht, kostenlose finanzielle Unterst\u00fctzung zu erhalten. An Schulengel.de sind Partnershops angebunden, die eine Pr\u00e4mie in H\u00f6he von 2 bis 15% des Nettowarenwerts zahlen.<\/p>\n\n\n<\/div>\n<div class=\"content-full-left-image-featuresrow\">\n<div class=\"content-full-left-image-featurescol\" data-type=\"column\">\n<h5 class=\"\">DIE SCHULE UNTERST\u00dcTZEN<\/h5>\n<p class=\"\">Jeder Einkauf \u00fcber schulengel.de unterst\u00fctzt den F\u00f6rderverein und damit das KGN. Das so gesammelte Geld kommt wieder der Gemeinschaft und damit letztenendes jedem Kind zu Gute.<\/p>\n\n<h5 class=\"\">SO FUNKTIONIERT\u2019S<\/h5>\n<p class=\"\">Bestellen Sie gern online? Dann k\u00f6nnen Sie bei Schulengel.de mit nur drei Mausklicks Geld f\u00fcr den guten Zweck sammeln. Ganz einfach und ohne Mehrkosten!<\/p>\n\n\n<\/div>\n<div class=\"content-full-left-image-featurescol\" data-type=\"column\">\n<h5 class=\"\">BONIS SAMMELN<\/h5>\n<p class=\"\">Bei \u00fcber 1200 angeschlossenen Online-shops ist bestimmt f\u00fcr jeden etwas dabei. Und jeder Einkauf wird belohnt.<\/p>\n\n<h5 class=\"\">ZUR HOMEPAGE<\/h5>\n<p class=\"\">Einfach auf www.schulengel.de gehen, Einrichtung und Shop ausw\u00e4hlen, online shoppen und\u00a0 Pr\u00e4mien sammeln.<\/p>\n\n\n<\/div>\n<\/div>\n<\/div>\n<\/div>\n<\/div>\n<div id=\"spenden\" class=\"content-right-image-section content-image-right\" style=\"background-color: #ffffff;\" data-label=\"Spenden\" data-id=\"content-image-right\" data-category=\"content\">\n<div class=\"gridContainer\">\n<div class=\"content-right-image-gridcol\">\n<div class=\"content-right-image-textcol dynamic-color\" data-type=\"column\">\n<h2 class=\"\">Spenden an den F\u00f6rderverein<\/h2>\n<p class=\"large_text\">Der F\u00f6rderverein nimmt sowohl Geld- als auch Sachspenden entgegen. F\u00fcr Geldspenden \u00fcberweisen Sie den gew\u00fcnschten Bertrag auf das folgende Spendenkonto:<\/p>\nVR-Bank Rhein-Sieg eG\nIBAN: DE25 3706 9520 0700 815 013\nBIC: GENODED1RST\n\nBitte nennen Sie bei zweckgebundenen Spenden das Stichwort.\n\nAb 200 Euro stellen wir automatisch eine Spendenquittung aus.\nAls Spendenquittung wird von den Finanz\u00e4mtern der Einzahlungsbeleg anerkannt.\n\nGemeinn\u00fctzigkeit wird durch das Finanzamt in Siegburg anerkannt\nSteuernummer 220\/5965\/0378\n\nWir nehmen auch gerne Sachspenden entgegen.\nBitte sprechen Sie uns an.\n\n<\/div>\n<div class=\"content-right-image-imgcol\" data-type=\"column\"><img decoding=\"async\" class=\"\" src=\"https:\/\/www.foerderverein-kgn.de\/home\/wp-content\/uploads\/2018\/02\/coins-1523383_682x853.jpg\" \/><\/div>\n<\/div>\n<\/div>\n<\/div>\n<div id=\"merkmale\" class=\"features-small-icon-cards-section\" style=\"background-color: #f6f6f6;\" data-label=\"Merkmale\" data-id=\"features-small-icon-cards-section\" data-category=\"features\">\n<div class=\"gridContainer\">\n<div class=\"features-small-icon-cards-textrow\">\n<div class=\"features-small-icon-cards-textcol dynamic-color\" data-type=\"column\">\n<h2 class=\"\">Noch mehr F\u00f6rderverein<\/h2>\n<p class=\"\">Wir wollten zuk\u00fcnftig noch mehr Informationen an unsere Mitglieder und G\u00e4sten ver\u00f6ffentlichen. Ob aktuelle Ereignisse, F\u00f6rderungen oder auch einfach nur neue Ideen, hier wird\u2019s gezeigt.<\/p>\nWir haben noch viel vor \u2026\n\n<\/div>\n<\/div>\n<div class=\"features-small-icon-cards-featuresrow dark-text\" data-type=\"row\">\n<div class=\"features-small-icon-cards-featcol cp4cols\">\n<div class=\"features-small-icon-cards-featinnerrow\">\n<div class=\"features-small-icon-cards-iconcol\"><\/div>\n<div class=\"features-small-icon-cards-feattextcol\" data-type=\"column\">\n<h4 class=\"\">Antr\u00e4ge zum Download<\/h4>\n<p class=\"\">Wir werden nach und nach unsere Formulare \u00fcberarbeiten. Damit das Ausf\u00fcllen erleichtert wird, werden wir unsere Antr\u00e4ge auf\u00a0 formbasierte PDFs umstellen \u2013 Damit ist es noch einfacher: Formular am PC ausf\u00fcllen, ausdrucken und Unterschreiben. So einfach wird das.<\/p>\n<a class=\"\" href=\"https:\/\/www.foerderverein-kgn.de\/home\/Downloads\/Formulare\/Foerdermittelantrag_FoeV_KGN_V1.3.pdf\" target=\"_self\" rel=\"noopener\">Antrag zum Download<\/a>\n\n<\/div>\n<\/div>\n<\/div>\n<div class=\"features-small-icon-cards-featcol cp4cols\">\n<div class=\"features-small-icon-cards-featinnerrow\">\n<div class=\"features-small-icon-cards-iconcol\"><\/div>\n<div class=\"features-small-icon-cards-feattextcol\" data-type=\"column\">\n<h4 class=\"\">F\u00f6rderungen<\/h4>\n<p class=\"\">Jedes Jahr f\u00f6rdert der Verein zahlreiche Projekte. Ob Skifahrt, Online-Vertretungsplan, Kollektionszusch\u00fcsse f\u00fcr AGs oder Austauschfahrten, die eingenommenen Gelder kommen immer wieder den Sch\u00fclerinnen und Sch\u00fclern \u201eunserer\u201c Schule\u00a0 zu Gute.<\/p>\n\n<\/div>\n<\/div>\n<\/div>\n<div class=\"features-small-icon-cards-featcol cp4cols\">\n<div class=\"features-small-icon-cards-featinnerrow\">\n<div class=\"features-small-icon-cards-iconcol\"><\/div>\n<div class=\"features-small-icon-cards-feattextcol\" data-type=\"column\">\n<h4 class=\"\">Noch mehr Ideen<\/h4>\n<p class=\"\">Jeder im neuen Team hat Ideen, wir versuchen davon m\u00f6glichst viele umzusetzen. Das braucht aber Zeit. Und keine Idee ist nicht gut genug, als das sie nicht auf unsere Ideenliste k\u00e4me. Wir freuen uns auch auf Mitteilungen von Mitgliedern, schickt uns eure Ideen und Vorschl\u00e4ge.<\/p>\n\n<\/div>\n<\/div>\n<\/div>\n<\/div>\n<\/div>\n<\/div>","protected":false},"excerpt":{"rendered":"<p>Willkommen \u2026 \u2026 auf der F\u00f6rderverein-Homepage des Kopernikus-Gymnasium Niederkassel. Die Seite dient der Information aller Eltern unserer Sch\u00fclerinnen und Sch\u00fcler an unserem Gymnasium, aber nat\u00fcrlich auch externen G\u00e4sten, die sich neben der offiziellen Homepage der Schule \u00fcber weitere Aspekte des Schullebens am KGN informieren m\u00f6chten. Unser Ziel ist es, diese Homepage stets auf aktuellen Stand&hellip; <br \/> <a class=\"button small blue\" href=\"https:\/\/www.foerderverein-kgn.de\/home\/foerderung-skifreizeit-2018\/\">Weiterlesen<\/a><\/p>\n","protected":false},"author":1,"featured_media":0,"parent":0,"menu_order":0,"comment_status":"closed","ping_status":"closed","template":"","meta":{"ngg_post_thumbnail":0,"footnotes":""},"class_list":["post-4","page","type-page","status-publish","hentry"],"_links":{"self":[{"href":"https:\/\/www.foerderverein-kgn.de\/home\/wp-json\/wp\/v2\/pages\/4","targetHints":{"allow":["GET"]}}],"collection":[{"href":"https:\/\/www.foerderverein-kgn.de\/home\/wp-json\/wp\/v2\/pages"}],"about":[{"href":"https:\/\/www.foerderverein-kgn.de\/home\/wp-json\/wp\/v2\/types\/page"}],"author":[{"embeddable":true,"href":"https:\/\/www.foerderverein-kgn.de\/home\/wp-json\/wp\/v2\/users\/1"}],"replies":[{"embeddable":true,"href":"https:\/\/www.foerderverein-kgn.de\/home\/wp-json\/wp\/v2\/comments?post=4"}],"version-history":[{"count":258,"href":"https:\/\/www.foerderverein-kgn.de\/home\/wp-json\/wp\/v2\/pages\/4\/revisions"}],"predecessor-version":[{"id":1046,"href":"https:\/\/www.foerderverein-kgn.de\/home\/wp-json\/wp\/v2\/pages\/4\/revisions\/1046"}],"wp:attachment":[{"href":"https:\/\/www.foerderverein-kgn.de\/home\/wp-json\/wp\/v2\/media?parent=4"}],"curies":[{"name":"wp","href":"https:\/\/api.w.org\/{rel}","templated":true}]}}